76 is divided by f(10).
31
What is the remainder when (440/(-2))/(-5) - -3 is divided by 16?
15
Suppose 0 = -0*r - 3*r + 3. What is the remainder when r is divided by 1?
0
Let y(v) = v**2 - 6*v - 1. Calculate the remainder when y(11) is divided by 29.
25
Let k(p) = p**3 + 4*p**2 - 3*p + 4. Let r be k(-5). Let q(d) = -4*d + 3. Let l = -125 + 139. Calculate the remainder when q(r) is divided by l.
13
Let y be (2 + -62 + 2)*-2. Calculate the remainder when y*((-14)/(-4) + -3) is divided by 15.
13
Suppose 2*n = -0*n + 16. What is the remainder when n is divided by (-9 - -7)/(4/(-6))?
2
Suppose -3*b = -2*p - 74, -8*b + 122 = -3*b - 3*p. Calculate the remainder when ((-5)/(-4))/(2/104) is divided by b.
21
Calculate the remainder when ((-6)/(-4))/((-1)/(-22)) is divided by 9.
6
Let t = -20 + 37. Let s = -1 - -6. What is the remainder when t is divided by s?
2
Suppose -i + 23 = d + 8, -4*d - 76 = -4*i. Calculate the remainder when i is divided by 5.
2
Let k(l) = l - 4. Let v be k(5). Let y(t) = 45*t. Calculate the remainder when y(v) is divided by 23.
22
Calculate the remainder when (-3274)/(-30) - ((-119)/(-105) - 1) is divided by 14.
11
Suppose 2*k - 8 = -2*s, 4*s - 18 - 5 = -5*k. Let j = 19 - -8. Calculate the remainder when j is divided by k.
6
Suppose -2*c = c - 72. What is the remainder when 95 is divided by c?
23
Let n(t) = -t**2 - 16*t - 10. Calculate the remainder when 52 is divided by n(-14).
16
Let j(r) = -r**3 - 9*r**2 - 8*r - 9. Let h be j(-8). Let u = -2 - h. Suppose -a + 0*a = -u. Calculate the remainder when a is divided by 4.
3
Let y be (-4)/(-14) + 150/14. Suppose 22*x = 24*x - 74. What is the remainder when x is divided by y + (0/(-2) - -2)?
11
Let h = -31 + 44. What is the remainder when 23 is divided by h?
10
Suppose -2*d + d = -59. Let m(v) = 22*v**3 - 3*v**2 + 1. Calculate the remainder when d is divided by m(1).
19
Suppose -k + 26 = -b - 3*b, 9 = -k - 3*b. What is the remainder when k is divided by 2*1 - (-2)/1?
2
Suppose y + 13 = 4*g, 0 = -4*g + g - y + 1. Suppose -38 = -4*r - g. Calculate the remainder when 25 is divided by r.
7
Let i(g) be the first derivative of -3*g**2/2 - 1. Calculate the remainder when 8 is divided by i(-1).
2
Let h(m) = m**3 - 5*m**2 - 6*m + 3. Let y be h(6). Suppose -73 = -y*z + n, 5*z - 72 = z - 5*n. Let x = 2 - -10. What is the remainder when z is divided by x?
11
Let s be -1 + 2 + 1 + -438. Let p be s/(-7) - (-10)/(-35). Suppose -3*v + p = 2*q - 0*q, 4*v + 90 = 2*q. Calculate the remainder when q is divided by 13.
11
Calculate the remainder when (-165)/(-5) - (3 + -2) is divided by 11.
10
Let f(t) = t**3 + 14*t**2 + 9*t + 7. Let q = -35 - -22. Calculate the remainder when f(q) is divided by 15.
14
Suppose -128 = -2*p - 2*p. What is the remainder when p is divided by 5?
2
Let i = -8 - -11. Suppose -166 = -7*d + 2*d - 2*r, 0 = i*d + r - 99. What is the remainder when d is divided by 17?
15
Suppose -5*l + 17 - 2 = 0. Suppose -4*k + 4*a + 408 = 0, l*k - 14 = -3*a + 298. Suppose -4*p = -287 + k. What is the remainder when p is divided by 16?
14
Suppose 2*k = -3*z + 17, 2*k + 7 = 4*z + 3. What is the remainder when 9/((-108)/16)*-6 is divided by z?
2
Let w be (12/18)/(1/3). Let a(n) = 2*n**2 - 3*n + 1. Let y be a(2). Suppose y = w*r + 1. Calculate the remainder when r is divided by 1.
0
Suppose 0 = -5*u - 46 + 116. Suppose -5 = -s, 2*b - u = s - 3. What is the remainder when b is divided by 5?
3
Suppose t + 89 = 4*g - 2*g, 5*t - 140 = -3*g. What is the remainder when g is divided by 16?
13
Let x = 101 + -52. What is the remainder when 144 is divided by x?
46
Let a(d) = d + 6*d + 2*d. Let i = 23 - -3. What is the remainder when i is divided by a(1)?
8
Suppose 6*n - 3*n - 33 = 0. Let v(x) = x**3 - 6*x**2 - 3*x + 5. Let d be v(7). Let h = d + -12. What is the remainder when h is divided by n?
10
Calculate the remainder when 13 is divided by 5/(25/35) + -2.
3
Let m(u) be the third derivative of u**5/30 + u**4/24 - u**3/6 - 4*u**2. What is the remainder when 54 is divided by m(-3)?
12
Suppose 0 = -0*r + 3*r - 15. Suppose r*k = 5*p - 9 - 16, -4*p = 4*k - 36. What is the remainder when 19 is divided by p?
5
Let v = -71 + 27. Let f = v - -64. What is the remainder when 39 is divided by f?
19
Suppose -2*u + u = -65. Suppose 5*h + 10 = 0, -2*g + 3*h + 228 = -h. What is the remainder when u is divided by (1 + 2)/(15/g)?
21
Let k be 20*((-54)/15 - -4). Let l = -10 + 32. What is the remainder when 338/k + 11/(-44) is divided by l?
20
Let a(f) = -f - 2. Let s be a(-3). Suppose -s + 6 = u. What is the remainder when 9 is divided by u?
4
Let y = 14 + 95. Let g = 68 - 40. Calculate the remainder when y is divided by g.
25
Let h be ((-20)/12)/((-2)/6). Suppose -2*j - j = h*m - 30, 4*j + 2*m - 40 = 0. Let g = j + -2. Calculate the remainder when 15 is divided by g.
7
Let l be 26/(-6) - (-2)/6. Let x(y) = 8*y**3 + 2*y**2 + y + 1. Let g be x(-2). Let a = l - g. Calculate the remainder when a is divided by 14.
11
Let z(n) = 2*n**3 - 9*n**2 + 18*n + 16. What is the remainder when z(6) is divided by 18?
16
Let b = 8 + 19. Calculate the remainder when 80 is divided by b.
26
Let s be (2/(-4))/((-2)/(-24)). Let t(f) be the first derivative of -f**3/3 - 9*f**2/2 - 9*f + 2. Calculate the remainder when 17 is divided by t(s).
8
Let j(k) = 14*k**2 - 3*k - 3. Let p(r) = 5*r**2 - r - 1. Let b(a) = -2*j(a) + 7*p(a). What is the remainder when b(-2) is divided by 8?
5
Suppose 0 = 4*q - 213 + 81. Calculate the remainder when q is divided by 23.
10
Suppose -35 = -5*i + 585. What is the remainder when i is divided by 25?
24
Let o = -64 - -66. Let s(a) = -4*a - 2*a**2 + 4*a**2 + 8*a - 3. Calculate the remainder when s(o) is divided by 5.
3
Let u(z) = -14*z**3 - z**2. Calculate the remainder when u(-2) is divided by 28.
24
Suppose -2*m - 5 + 19 = 0. Calculate the remainder when 47 is divided by m.
5
Let t be 3/1*(-43)/(-3). Let g = 80 - t. Calculate the remainder when g is divided by 4/(-2)*(-104)/16.
11
Let k = 3 + 0. Suppose 80 = j + k*j. Suppose -j = -2*w - 3*w. What is the remainder when 10 is divided by w?
2
Suppose 2*o - 4*p = 18, 4*o - 8 = 2*p - p. What is the remainder when 6 is divided by o?
0
Let z = -6 - -56. Let q = z + -5. Calculate the remainder when q is divided by 16.
13
Let b be (4/3)/((-4)/(-6)). Suppose b*z - 28 = -4*w + 68, 5*z - 2*w = 276. Calculate the remainder when z is divided by 19.
16
Suppose f = 3*y + 40, -3*f + 87 = -y + 3*y. Suppose -4*l + 6*l = -8, 5*c - 2*l - 13 = 0. Calculate the remainder when f is divided by 11/c + 3 - 3.
9
Let w = 26 - 18. What is the remainder when 55 is divided by 24*w/6 + -3?
26
Let p(s) = -s**3 - 9*s**2 - 8*s. Let r be p(-8). Suppose r = -4*l + 3*g - 25, -4*g = 2*l + l + 25. What is the remainder when 15 is divided by 7*1/(l/(-6))?
3
Let n(j) = 3*j**2 - j. Suppose -5*r - 5*s = -40, -3*r + r = s - 18. Calculate the remainder when r is divided by n(-1).
2
Suppose 2*u - 3 - 147 = 0. What is the remainder when u is divided by 28?
19
Let i = 529 + -354. Suppose -a - 2 = 0, -3*a - 16 = -t - t. Suppose -i = -0*h - t*h. What is the remainder when h is divided by 18?
17
Let g(k) = -4*k + 3 + 0*k - k**2 - 2*k**3 + 4*k**3. Let x = 5 - 1. What is the remainder when g(2) is divided by x?
3
Let r(t) = t**2 + 8*t - 21. Calculate the remainder when 106 is divided by r(-12).
25
Let j = -18 - -9. Let s = -6 - j. What is the remainder when 25 is divided by (18/4)/(s/6)?
7
Let w(a) = a**2 + 3*a + 7. Calculate the remainder when w(-8) is divided by 8.
7
Suppose u = 6*u - 55. Let y be 2*-3*(-2 + 3). Let h = y + 10. What is the remainder when u is divided by h?
3
Let b(o) = 2*o + 22. Let m be b(-9). Let f = 14 - m. Suppose -g = -3*v - 2*g + 82, -2*g + 77 = 3*v. What is the remainder when v is divided by f?
9
Let s = 218 + -206. What is the remainder when s is divided by 6?
0
Calculate the remainder when (-363)/3*(-1 - 0) is divided by 31.
28
Suppose 12*i = 17*i - 80. What is the remainder when i is divided by 4?
0
Suppose 0 = b + g + 4, -1 = -5*b + 2*g - 0. Let r be 0 - (0 + 1/b). What is the remainder when r/((-10)/(-4))*55 is divided by 12?
10
Suppose -4*a - v = -6*v - 20, -8 = 4*a + 2*v. Suppose -k + 3*j + 19 = a, -34 = -2*k - 0*k + 2*j. What is the remainder when 31 is divided by k?
15
Let g(l) = l**2 